ctors of i.
2, 97
Suppose 5 + 8 = p. Let x = 26 - p. What are the prime factors of x?
13
Let r = 95 + -182. Let a = r + 214. List the prime factors of a.
127
Suppose -7*d = -8327 + 1257. List the prime factors of d.
2, 5, 101
Suppose 25 = -5*p, 9 = g + 6*p - p. Suppose -g = -u + 5*v, 5*v - v = -3*u + 45. Let n = u - 11. List the prime factors of n.
2
Let t be 376/6*(-3)/(-2). Suppose 4*k + t = 6*k. Let l = k + -30. List the prime factors of l.
17
Let h = 3 + 26. Suppose -2*j + 282 = 4*a + 88, 4*j = -4*a + 184. Suppose -m + h = 2*g, -5*m + 4*g + 122 + a = 0. What are the prime factors of m?
3, 11
Let y = -272 + 932. What are the prime factors of y?
2, 3, 5, 11
Let d(c) = -3*c - 57. Let o be d(-18). What are the prime factors of 86*o*6/(-9)?
2, 43
What are the prime factors of (147/(-28))/(-7)*2584?
2, 3, 17, 19
Suppose a - 46 = -0*a + 4*r, 127 = 4*a + 3*r. Suppose 14 + a = g. Suppose 2*l + 5*m - g = 46, 0 = 3*l - 4*m - 118. List the prime factors of l.
2, 3, 7
Suppose f + 5994 = 3*l - 1233, 4*f + 12045 = 5*l. List the prime factors of l.
3, 11, 73
Let l be 48 - ((1 - 4)/3 + -3). Suppose -38 - l = -6*v. What are the prime factors of v?
3, 5
Let y(f) = 8 - 4 + 4*f - f + 5*f. Let b be y(5). Suppose 8*j = 6*j + b. List the prime factors of j.
2, 11
Let f(p) = -p**3 - 20*p**2 + 9*p + 6. Let i be f(-20). What are the prime factors of ((-6)/18)/(2/i)?
29
Let g be 19 - (1 - (-3 + 6)). Suppose 23*r - 398 = g*r. What are the prime factors of r?
199
Let s(c) = c**2 - 5*c + 11. Let f be s(3). Suppose -5*o + 202 = f*g - 433, o + 2*g - 132 = 0. List the prime factors of o.
2, 61
Let b be 4/(-10)*25/10. Let a be (-4 - -2)*(b + -1). Suppose -a*q = q - 150. List the prime factors of q.
2, 3, 5
Let q = 49 - 52. Let m(y) = -4*y**2 - 7*y - 5. Let a(s) = 2*s**2 + 3*s + 2. Let g(k) = 5*a(k) + 2*m(k). What are the prime factors of g(q)?
3, 5
Suppose 5*f - 15 = -30, 4*t + 5*f = 6485. What are the prime factors of t?
5, 13
Suppose -10868 = -9*i - 13*i. List the prime factors of i.
2, 13, 19
Let u(l) = l**3 - 4*l**2 + 5*l - 4. Let h be u(3). Suppose 2*c = -4*w + 12, 0 = 3*w - c - 10 + 1. Suppose -h*t = w*t - 110. What are the prime factors of t?
2, 11
Suppose -9*v + 5*v = -4. Let g = 9 - v. Suppose -g = -r - 1. What are the prime factors of r?
7
Let l = 0 - 0. Let b(r) = -r**3 + 2*r**2 - r - 14 + 3*r**2 + 12*r + l*r**3. What are the prime factors of b(6)?
2
Let z(d) = -d + 1390. List the prime factors of z(-79).
13, 113
Let t be (-92)/(-2) + -3 + 0 + 3. Suppose -t = -5*b + 379. What are the prime factors of b?
5, 17
Suppose 349*y - 359*y = -43170. What are the prime factors of y?
3, 1439
Suppose g = 670 + 291. What are the prime factors of g?
31
Suppose 0 = 3*i - 0*i - t - 18, 10 = -i - 5*t. Suppose 5*y - p = 1111, -i*y + 4*p + 435 = -679. What are the prime factors of y?
2, 3, 37
Let q(b) = 2*b**3 - 15*b**2 + 44*b - 9. What are the prime factors of q(5)?
2, 43
Suppose -q + 0 + 4 = 0. List the prime factors of 68 + 0*((-8)/2)/q.
2, 17
Suppose -117 = 3*g + 3*h, -3*g = -2*g + 5*h + 51. Let w = -33 - g. What are the prime factors of w?
3
Suppose 8*f - 357 = 99. Suppose 4*j - u = f, 0 = 2*j - 4*u - 0*u - 32. What are the prime factors of 321/7 - (-2)/j?
2, 23
Suppose 0 = -3*j + 2 + 4. Let y be (88/(-33))/(j/(-6)). Suppose y*q = 3*q + 80. What are the prime factors of q?
2
Let l = -144 - -2756. What are the prime factors of l?
2, 653
Let r = 4273 - -715. List the prime factors of r.
2, 29, 43
Let n = -7 + 11. Let d = 6 - n. What are the prime factors of ((-46)/(-3))/(d/3)?
23
Suppose -k = 5*m - 32, -5*m = -0*m + 15. Suppose -2*f + 3*f = 2*t + k, 116 = 3*f - t. What are the prime factors of f?
37
Suppose 14*m + 23 - 205 = 0. Suppose 18*s - 1245 = m*s. List the prime factors of s.
3, 83
What are the prime factors of 1048845/196 + -2*5/8?
2, 5, 107
Suppose -16 + 1 = -5*u. Suppose -u*x + 243 = -177. List the prime factors of x.
2, 5, 7
Let v(h) = h**2 + 8*h + 51. List the prime factors of v(-21).
2, 3
Let p = 0 + 3. Suppose 5*b = 0, -2*b = 5*m + p*b - 60. Suppose 0 = a + 2*t - m, 3*t = a - 4*a + 30. What are the prime factors of a?
2
Suppose 0 = 2*j - 5*j. Let u = -67 - -69. Suppose -i + c + 5 = -j*c, 0 = -i - u*c + 2. What are the prime factors of i?
2
Suppose -3*j - 9 = 4*q, 0*j = 4*q + 2*j + 6. Suppose 3*o - 146 = -2*r + 35, 430 = 5*r + 3*o. Suppose 5*y - 27 - r = q. List the prime factors of y.
2, 11
Let z = 1784 - 1157. What are the prime factors of z?
3, 11, 19
What are the prime factors of 12/10 + 5845/25?
5, 47
Let q be ((-24)/40)/(2/(-10)). Suppose q*a - 449 = 64. List the prime factors of (-5)/(-20) - a/(-4).
43
Suppose 5*o - 4*t + 9 = 0, -o - o - t - 14 = 0. Let j(g) = g**3 + 7*g**2 - 2*g - 4. List the prime factors of j(o).
2, 7
Suppose -6*t = -5*p - t + 75, -t = 5*p - 69. What are the prime factors of p?
2, 7
Suppose -c + 6*c + 245 = 0. Let o = c - -89. What are the prime factors of o?
2, 5
What are the prime factors of 6686/4 + 3/6?
2, 11, 19
Suppose -5*b = -4*o - 1902, 2*b - 372 = b + 5*o. What are the prime factors of b?
2, 191
Suppose 3*f - 2*v - 1040 = 0, -4*f + 3*v + 302 = -1084. List the prime factors of f.
2, 3, 29
What are the prime factors of (-30)/(-120) - 2463/(-4)?
2, 7, 11
Let v be (-14064)/(-14) + (-69)/(-161). Suppose 3*a - 761 = 5*o - 158, 5*a + o = v. List the prime factors of a.
3, 67
Let j(i) = 3*i**3 + 11*i**2 - 91. List the prime factors of j(6).
953
Let v = 229 - -925. List the prime factors of v.
2, 577
List the prime factors of 418 + 11 - -1*9.
2, 3, 73
What are the prime factors of (2/(-6))/((-4)/(-12)) - -430?
3, 11, 13
Let n(k) = 27*k**3 + k. Suppose 3*f + 13 = 2*y, -4*f = y - f + 7. Let x = 3 - y. List the prime factors of n(x).
2, 7
Let f = 68 + 419. List the prime factors of f.
487
Suppose 47*s + 5362 - 12600 = 0. What are the prime factors of s?
2, 7, 11
Suppose 5*x = 4 + 16. Suppose -58 = -2*u - x*t, -u + 9*t - 4*t = -8. Suppose 5*c - u - 107 = 0. What are the prime factors of c?
2, 13
Suppose -u = 4*q + 22 - 85, -5*u = 2*q - 27. Let g = q + -5. Suppose p = 2*p - g. What are the prime factors of p?
11
Suppose 5*v + x = 4*x + 15, 0 = 2*v - 2*x - 2. Suppose u = v*u - 385. What are the prime factors of u?
7, 11
Suppose 5*c - 11 = 4*c. Let x(h) = 2*h + 7. What are the prime factors of x(c)?
29
Let m = -974 + 1581. List the prime factors of m.
607
Suppose 6*n + 4*n - 17170 = 0. List the prime factors of n.
17, 101
Let r(m) = m**2 + 5*m - 19. Let s be r(-8). What are the prime factors of s - (6/(-3) - 160)?
167
Let o be 0/(0 - 8/(-4)). Suppose 6*j - 4*j + w - 9 = o, 0 = -3*j - 4*w + 11. Suppose -j*g = -23 - 117. List the prime factors of g.
2, 7
Let a(c) = -2*c**3 - 2*c**2 - 7*c - 3. Suppose -4*t + 5*j = j + 16, -21 = 5*t - 4*j. List the prime factors of a(t).
2, 29
Let a = 2 + 0. Let v(b) = 3*b - b - 5 + a*b. List the prime factors of v(6).
19
Let l = 428 - -674. List the prime factors of l.
2, 19, 29
Let y be 150/20*(-8)/2. What are the prime factors of 7 - 3 - (y - -1)?
3, 11
Suppose 2*c - 1837 = -8*n + 3*n, -2*c + 1838 = 4*n. List the prime factors of c.
3, 307
Let p be ((-42)/14)/(6/(-878)). Let b = p + -305. List the prime factors of b.
2, 67
Let w = 13 + -22. Let y = w - -25. Suppose 0 = 4*j - y - 48. What are the prime factors of j?
2
Let l be 6/(-30) - (-108)/(-10). Let r = -8 - l. Suppose -3 - 10 = -2*b - r*x, 4*b = -4*x + 32. List the prime factors of b.
11
Suppose 2*s + 2*s + 12 = -4*j, 2*s = -5*j + 9. List the prime factors of 4 - (105 + 7)*6/s.
2, 11
Suppose 18*c - 11*c - 784 = 0. What are the prime factors of c?
2, 7
Suppose -120 = 3*g + g. List the prime factors of -65*(g/25)/3.
2, 13
Suppose 70*j - 80*j = -36330. List the prime factors of j.
3, 7, 173
Suppose -4*o + 3*w - 180 = 0, -3*w = -o - 36 - 9. Let m be (o/(-6) - -4)*2. Let u = m + -7. What are the prime factors of u?
2
Let n(q) = 11*q**3 - 27*q**2 + 31*q - 9. Let j(d) = -6*d**3 + 14*d**2 - 16*d + 5. Let k(f) = 7*j(f) + 4*n(f). What are the prime factors of k(6)?
11, 13
List the prime factors of (-3 - -900) + (-6)/(12/(-2)).
2, 449
Let v(b) = 2*b + 8. Let c be v(1). Suppose -3*w + c*w - 525 = 0. What are the prime factors of w?
3, 5
Suppose -5*v + 15 = -2*v, w - 2*v - 2 = 0. Let n be (-8)/(-10) + w/60. Let b(i) = 23*i**3 + i**2 + i - 1. What are the prime factor